ulate the greatest common divisor of 1461892914 and 9.
9
Calculate the greatest common divisor of 171776 and 2926231.
671
What is the highest common factor of 660 and 24079110?
330
What is the greatest common divisor of 93087615 and 135?
15
Calculate the highest common factor of 209871 and 1809.
27
Calculate the highest common factor of 1022 and 19768546.
1022
Calculate the greatest common factor of 879729 and 251681.
2309
Calculate the highest common factor of 247180804 and 2964.
988
Calculate the greatest common factor of 63 and 28617012.
9
Calculate the highest common factor of 8664 and 1011237.
57
What is the highest common divisor of 467614 and 2514806?
3682
Calculate the highest common divisor of 873 and 270009879.
291
What is the greatest common divisor of 56321 and 1819?
17
Calculate the greatest common divisor of 3838767573 and 1797.
1797
What is the greatest common factor of 38968303 and 1166?
583
Calculate the greatest common factor of 128427 and 6515067.
3471
What is the greatest common divisor of 29280 and 736640?
160
What is the greatest common divisor of 185736 and 2940384?
2616
What is the greatest common divisor of 5157414 and 828?
18
Calculate the greatest common factor of 12152236 and 492.
164
What is the greatest common divisor of 64896 and 4341168?
624
Calculate the greatest common divisor of 40290 and 188646.
6
What is the highest common divisor of 146 and 729142031?
73
Calculate the highest common factor of 18 and 10154223.
9
Calculate the highest common factor of 226676 and 3623100.
3716
Calculate the greatest common divisor of 334619577 and 2529.
2529
Calculate the greatest common divisor of 219400 and 2284600.
200
What is the greatest common factor of 2234619918 and 3?
3
What is the greatest common divisor of 252595 and 8545?
5
Calculate the greatest common factor of 33123634 and 96454.
3326
What is the highest common factor of 11218 and 1824237506?
11218
What is the highest common factor of 109852937 and 277?
277
What is the highest common divisor of 106266 and 139730?
178
What is the highest common divisor of 20 and 137444?
4
What is the greatest common factor of 200 and 286970050?
50
What is the greatest common factor of 6757938 and 30132?
1674
Calculate the highest common factor of 1502 and 1393358838.
1502
Calculate the greatest common factor of 433 and 53481562.
433
What is the greatest common divisor of 592925 and 257041?
641
What is the highest common factor of 1330 and 5320?
1330
Calculate the highest common divisor of 338360 and 3560.
40
Calculate the greatest common divisor of 33624519 and 5.
1
Calculate the highest common factor of 545 and 40156145.
545
What is the greatest common factor of 32504439 and 71?
71
What is the highest common divisor of 248 and 75871012?
124
What is the highest common divisor of 23497064 and 1784?
1784
Calculate the highest common factor of 45 and 83219285.
5
Calculate the greatest common divisor of 11097564 and 742.
106
Calculate the greatest common factor of 215365 and 196935.
95
What is the highest common factor of 231 and 88515867?
33
What is the highest common factor of 815911 and 2537?
59
What is the highest common factor of 226267 and 9?
1
Calculate the greatest common divisor of 203422 and 5532446.
1054
Calculate the highest common divisor of 545424 and 124608.
528
What is the highest common divisor of 38443694 and 46508?
302
Calculate the greatest common divisor of 1321 and 32330154.
1321
Calculate the highest common divisor of 244052 and 1700.
68
Calculate the greatest common divisor of 106336 and 1432.
8
Calculate the greatest common divisor of 265768 and 304966.
278
Calculate the highest common factor of 183787 and 12768.
19
Calculate the greatest common factor of 16 and 3638112.
16
What is the greatest common factor of 20884 and 113227827?
5221
What is the greatest common factor of 112495572 and 144?
36
Calculate the greatest common divisor of 17600 and 3663880.
440
Calculate the greatest common divisor of 134901 and 338832.
117
What is the greatest common divisor of 848361957 and 10683?
3561
What is the greatest common factor of 1180112 and 784?
16
Calculate the highest common factor of 191042 and 12862.
118
What is the greatest common divisor of 714019 and 804?
67
Calculate the highest common factor of 740896 and 822.
274
Calculate the highest common divisor of 944 and 1088656.
16
Calculate the greatest common factor of 87 and 209641.
29
What is the highest common factor of 2968 and 257681336?
424
Calculate the greatest common divisor of 162475 and 39425.
25
What is the highest common factor of 4643610 and 4110?
30
Calculate the highest common divisor of 36705387 and 6206.
3103
Calculate the greatest common divisor of 873 and 317799.
9
What is the highest common factor of 4222 and 32228637?
2111
What is the greatest common divisor of 3901671 and 71289?
801
What is the highest common divisor of 19967 and 131713046?
487
What is the highest common divisor of 684 and 5503293?
171
Calculate the greatest common divisor of 158707575 and 2639.
377
Calculate the greatest common divisor of 10 and 26727760.
10
Calculate the highest common factor of 321 and 1755588804.
321
What is the greatest common divisor of 51570576 and 288?
144
What is the highest common divisor of 14120 and 11640?
40
Calculate the greatest common divisor of 956 and 114368.
4
What is the highest common factor of 1243 and 337354607?
113
Calculate the highest common divisor of 5 and 1534140.
5
Calculate the greatest common divisor of 1024 and 2088192.
256
What is the greatest common divisor of 728928 and 840292?
10124
Calculate the highest common divisor of 1509839 and 11773.
193
What is the greatest common factor of 139334 and 96?
2
Calculate the greatest common divisor of 2142 and 26674578.
126
Calculate the greatest common divisor of 76691605 and 554.
277
What is the greatest common factor of 16 and 39830264?
8
Calculate the highest common divisor of 2845980 and 1278945.
4365
What is the greatest common factor of 1757 and 4102?
7
What is the greatest common factor of 3940 and 10112798?
394
Calculate the greatest common factor of 1897 and 6265.
7
What is the greatest common divisor of 731215 and 6475504?
3401
What is the greatest common divisor of 10946 and 2592044?
26
What is the highest common divisor of 1 and 48489604?
1
Calculate the greatest common factor of 62403 and 3382999.
1891
Calculate the highest common divisor of 6933443 and 610.
61
Calculate the greatest common divisor of 6 and 136756968.
6
Calculate the greatest common divisor of 4608058 and 10192.
1274
What is the highest common divisor of 140 and 98043491?
7
Calculate the greatest common factor of 71710 and 714260.
710
What is the greatest common divisor of 57 and 9661044?
57
What is the greatest common divisor of 1057958455 and 645?
215
What is the highest common divisor of 13 and 260583?
1
Calculate the highest common factor of 560 and 17979080.
280
Calculate the greatest common factor of 29016 and 178436.
124
Calculate the greatest common factor of 132620 and 161500.
380
Calculate the highest common factor of 1291678730 and 20.
10
What is the greatest common factor of 36379833 and 1551?
141
Calculate the highest common factor of 196 and 761288892.
196
What is the highest common divisor of 140 and 3292?
4
Calculate the highest common divisor of 270 and 21242655.
135
What is the greatest common factor of 673110121 and 68?
17
Calculate the greatest common divisor of 22662314 and 46.
46
What is the greatest common divisor of 6916 and 158509780?
988
What is the highest common divisor of 9072 and 114277968?
1008
Calculate the greatest common divisor of 10668 and 517044.
12
Calculate the greatest common divisor of 802375 and 475.
25
What is the greatest common factor of 114852 and 55896?
204
What is the greatest common factor of 4167744 and 56?
56
What is the greatest common factor of 113048433 and 244?
61
Calculate the highest common divisor of 1672309 and 57685.
139
What is the highest common factor of 3335 and 13058480?
115
Calculate the highest common divisor of 224 and 221851.
7
What is the greatest common divisor of 6527230 and 55?
5
Calculate the greatest common divisor of 213866 and 1952.
122
Calculate the highest common factor 